{"id":712,"date":"2021-12-14T16:37:44","date_gmt":"2021-12-14T15:37:44","guid":{"rendered":"http:\/\/www.fabienramadier.com\/?page_id=712"},"modified":"2024-02-12T16:36:03","modified_gmt":"2024-02-12T15:36:03","slug":"lagence","status":"publish","type":"page","link":"https:\/\/www.fabienramadier.com\/?page_id=712","title":{"rendered":"L&rsquo;agence"},"content":{"rendered":"\n<div class=\"wp-block-image\"><figure class=\"aligncenter size-large\"><img loading=\"lazy\" decoding=\"async\" width=\"1024\" height=\"463\" src=\"http:\/\/www.fabienramadier.com\/wp-content\/uploads\/2021\/12\/axono-agence-1024x463.jpg\" alt=\"\" class=\"wp-image-879\" srcset=\"https:\/\/www.fabienramadier.com\/wp-content\/uploads\/2021\/12\/axono-agence-1024x463.jpg 1024w, https:\/\/www.fabienramadier.com\/wp-content\/uploads\/2021\/12\/axono-agence-300x136.jpg 300w, https:\/\/www.fabienramadier.com\/wp-content\/uploads\/2021\/12\/axono-agence-768x348.jpg 768w, https:\/\/www.fabienramadier.com\/wp-content\/uploads\/2021\/12\/axono-agence-1536x695.jpg 1536w, https:\/\/www.fabienramadier.com\/wp-content\/uploads\/2021\/12\/axono-agence-2048x927.jpg 2048w, https:\/\/www.fabienramadier.com\/wp-content\/uploads\/2021\/12\/axono-agence-564x255.jpg 564w\" sizes=\"auto, (max-width: 1024px) 100vw, 1024px\" \/><\/figure><\/div>\n\n\n\n<div class=\"wp-block-media-text alignwide is-stacked-on-mobile\" style=\"grid-template-columns:25% auto\"><figure class=\"wp-block-media-text__media\"><img loading=\"lazy\" decoding=\"async\" width=\"1024\" height=\"1024\" src=\"http:\/\/www.fabienramadier.com\/wp-content\/uploads\/2021\/12\/DSC_0033-2-1024x1024.jpg\" alt=\"\" class=\"wp-image-661 size-full\" srcset=\"https:\/\/www.fabienramadier.com\/wp-content\/uploads\/2021\/12\/DSC_0033-2-1024x1024.jpg 1024w, https:\/\/www.fabienramadier.com\/wp-content\/uploads\/2021\/12\/DSC_0033-2-150x150.jpg 150w, https:\/\/www.fabienramadier.com\/wp-content\/uploads\/2021\/12\/DSC_0033-2-300x300.jpg 300w, https:\/\/www.fabienramadier.com\/wp-content\/uploads\/2021\/12\/DSC_0033-2-768x768.jpg 768w, https:\/\/www.fabienramadier.com\/wp-content\/uploads\/2021\/12\/DSC_0033-2-100x100.jpg 100w\" sizes=\"auto, (max-width: 1024px) 100vw, 1024px\" \/><\/figure><div class=\"wp-block-media-text__content\">\n<p class=\"has-text-align-left\" style=\"font-size:25px\">Fabien Ramadier<\/p>\n\n\n\n<p class=\"has-text-align-left\"><em>Architecte DPLG <\/em>&#8211; G\u00e9rant TERRAM architectes<\/p>\n\n\n\n<p class=\"has-text-align-left\">Fabien RAMADIER est un ancien membre de l\u2019agence d\u2019architecture de Denis COMPERE (\u00e0 Mirmande), au sein de laquelle, pendant 5 ans, de 1992 \u00e0 1998, il a acquis l\u2019exp\u00e9rience n\u00e9cessaire \u00e0 la direction d\u2019une agence d\u2019architecture. Diplom\u00e9 de l\u2019\u00e9cole d\u2019architecture de Grenoble en 1998, il a cr\u00e9\u00e9 son agence de Livron d\u00e8s 1999. Depuis, son activit\u00e9 s\u2019est d\u00e9velopp\u00e9e, autour de projets de b\u00e2timents publics et priv\u00e9s, souvent en sites patrimoniaux. En 2023 il cr\u00e9e TERRAM architectes en s&rsquo;associant avec ses collaborateurs.<\/p>\n<\/div><\/div>\n\n\n\n<div class=\"wp-block-media-text alignwide has-media-on-the-right is-stacked-on-mobile\" style=\"grid-template-columns:auto 25%\"><figure class=\"wp-block-media-text__media\"><img loading=\"lazy\" decoding=\"async\" width=\"1024\" height=\"1024\" src=\"http:\/\/www.fabienramadier.com\/wp-content\/uploads\/2021\/12\/DSC_0023-1-1024x1024.jpg\" alt=\"\" class=\"wp-image-659 size-full\" srcset=\"https:\/\/www.fabienramadier.com\/wp-content\/uploads\/2021\/12\/DSC_0023-1-1024x1024.jpg 1024w, https:\/\/www.fabienramadier.com\/wp-content\/uploads\/2021\/12\/DSC_0023-1-150x150.jpg 150w, https:\/\/www.fabienramadier.com\/wp-content\/uploads\/2021\/12\/DSC_0023-1-300x300.jpg 300w, https:\/\/www.fabienramadier.com\/wp-content\/uploads\/2021\/12\/DSC_0023-1-768x768.jpg 768w, https:\/\/www.fabienramadier.com\/wp-content\/uploads\/2021\/12\/DSC_0023-1-100x100.jpg 100w\" sizes=\"auto, (max-width: 1024px) 100vw, 1024px\" \/><\/figure><div class=\"wp-block-media-text__content\">\n<p class=\"has-text-align-right\" style=\"font-size:25px\">Christophe Bloquet <\/p>\n\n\n\n<p class=\"has-text-align-right\"><em>Dessinateur en b\u00e2timent<\/em> &#8211; Associ\u00e9 TERRAM architectes<\/p>\n\n\n\n<p class=\"has-text-align-right\">Christophe BLOQUET int\u00e8gre l\u2019agence de Fabien RAMADIER en 2007. Depuis cette date, il partage son activit\u00e9 entre l\u2019agence et une activit\u00e9 en ind\u00e9pendant.<\/p>\n<\/div><\/div>\n\n\n\n<div class=\"wp-block-media-text alignwide is-stacked-on-mobile\" style=\"grid-template-columns:25% auto\"><figure class=\"wp-block-media-text__media\"><img loading=\"lazy\" decoding=\"async\" width=\"1024\" height=\"1024\" src=\"http:\/\/www.fabienramadier.com\/wp-content\/uploads\/2021\/12\/DSC_0043-1-1024x1024.jpg\" alt=\"\" class=\"wp-image-660 size-full\" srcset=\"https:\/\/www.fabienramadier.com\/wp-content\/uploads\/2021\/12\/DSC_0043-1-1024x1024.jpg 1024w, https:\/\/www.fabienramadier.com\/wp-content\/uploads\/2021\/12\/DSC_0043-1-150x150.jpg 150w, https:\/\/www.fabienramadier.com\/wp-content\/uploads\/2021\/12\/DSC_0043-1-300x300.jpg 300w, https:\/\/www.fabienramadier.com\/wp-content\/uploads\/2021\/12\/DSC_0043-1-768x768.jpg 768w, https:\/\/www.fabienramadier.com\/wp-content\/uploads\/2021\/12\/DSC_0043-1-100x100.jpg 100w\" sizes=\"auto, (max-width: 1024px) 100vw, 1024px\" \/><\/figure><div class=\"wp-block-media-text__content\">\n<p class=\"has-text-align-left\" style=\"font-size:25px\">Emmanuelle S\u00e8ve<\/p>\n\n\n\n<p class=\"has-text-align-left\"><em>Attach\u00e9e administrative<\/em> &#8211; Associ\u00e9e TERRAM architectes<\/p>\n\n\n\n<p class=\"has-text-align-left\">Avec 18 ann\u00e9es d\u2019exp\u00e9rience en agence d\u2019architecture, Emmanuelle SEVE a int\u00e9gr\u00e9 l\u2019agence de Fabien RAMADIER en 2011. Son r\u00f4le : gestion administrative de l\u2019agence, et plus particuli\u00e8rement la comptabilit\u00e9 des chantiers.<\/p>\n<\/div><\/div>\n\n\n\n<div class=\"wp-block-media-text alignwide has-media-on-the-right is-stacked-on-mobile\" style=\"grid-template-columns:auto 25%\"><figure class=\"wp-block-media-text__media\"><img loading=\"lazy\" decoding=\"async\" width=\"1024\" height=\"1024\" src=\"http:\/\/www.fabienramadier.com\/wp-content\/uploads\/2021\/12\/DSC_0010-1024x1024.jpg\" alt=\"\" class=\"wp-image-627 size-full\" srcset=\"https:\/\/www.fabienramadier.com\/wp-content\/uploads\/2021\/12\/DSC_0010-1024x1024.jpg 1024w, https:\/\/www.fabienramadier.com\/wp-content\/uploads\/2021\/12\/DSC_0010-150x150.jpg 150w, https:\/\/www.fabienramadier.com\/wp-content\/uploads\/2021\/12\/DSC_0010-300x300.jpg 300w, https:\/\/www.fabienramadier.com\/wp-content\/uploads\/2021\/12\/DSC_0010-768x768.jpg 768w, https:\/\/www.fabienramadier.com\/wp-content\/uploads\/2021\/12\/DSC_0010-100x100.jpg 100w\" sizes=\"auto, (max-width: 1024px) 100vw, 1024px\" \/><\/figure><div class=\"wp-block-media-text__content\">\n<p class=\"has-text-align-right\" style=\"font-size:25px\">Camille Duval<\/p>\n\n\n\n<p class=\"has-text-align-right\"><em>Architecte HMONP &#8211; Associ\u00e9e TERRAM architectes <\/em><\/p>\n\n\n\n<p class=\"has-text-align-right\">Diplom\u00e9e de l\u2019\u00e9cole d\u2019architecture de Paris Malaquais en 2013, elle a int\u00e9gr\u00e9 l\u2019agence de Fabien Ramadier la m\u00eame ann\u00e9e pour son stage de fin d\u2019\u00e9tudes.<br>Elle travaille \u00e0 temps plein \u00e0 l\u2019agence depuis fin 2013.<\/p>\n<\/div><\/div>\n\n\n\n<div class=\"wp-block-media-text alignwide is-stacked-on-mobile\" style=\"grid-template-columns:25% auto\"><figure class=\"wp-block-media-text__media\"><img loading=\"lazy\" decoding=\"async\" width=\"1024\" height=\"1024\" src=\"http:\/\/www.fabienramadier.com\/wp-content\/uploads\/2021\/12\/DSC_0012-1024x1024.jpg\" alt=\"\" class=\"wp-image-636 size-full\" srcset=\"https:\/\/www.fabienramadier.com\/wp-content\/uploads\/2021\/12\/DSC_0012-1024x1024.jpg 1024w, https:\/\/www.fabienramadier.com\/wp-content\/uploads\/2021\/12\/DSC_0012-150x150.jpg 150w, https:\/\/www.fabienramadier.com\/wp-content\/uploads\/2021\/12\/DSC_0012-300x300.jpg 300w, https:\/\/www.fabienramadier.com\/wp-content\/uploads\/2021\/12\/DSC_0012-768x768.jpg 768w, https:\/\/www.fabienramadier.com\/wp-content\/uploads\/2021\/12\/DSC_0012-100x100.jpg 100w\" sizes=\"auto, (max-width: 1024px) 100vw, 1024px\" \/><\/figure><div class=\"wp-block-media-text__content\">\n<p class=\"has-text-align-left\" style=\"font-size:25px\">Laure-Anne Hominal<\/p>\n\n\n\n<p class=\"has-text-align-left\"><em>Architecte HMONP<\/em>&#8211; Associ\u00e9e TERRAM architecte<\/p>\n\n\n\n<p class=\"has-text-align-left\">Dipl\u00f4m\u00e9e de l\u2019\u00e9cole d\u2019architecture de Grenoble en 2010, elle a int\u00e9gr\u00e9 l\u2019agence de Fabien Ramadier en 2020. Elle partage son activit\u00e9 entre l\u2019agence de Fabien Ramadier et une activit\u00e9 en ind\u00e9pendante.<\/p>\n<\/div><\/div>\n\n\n\n<div class=\"wp-block-media-text alignwide has-media-on-the-right is-stacked-on-mobile\" style=\"grid-template-columns:auto 25%\"><figure class=\"wp-block-media-text__media\"><img loading=\"lazy\" decoding=\"async\" width=\"1024\" height=\"1024\" src=\"http:\/\/www.fabienramadier.com\/wp-content\/uploads\/2021\/12\/DSC_0052-1024x1024.jpg\" alt=\"\" class=\"wp-image-640 size-full\" srcset=\"https:\/\/www.fabienramadier.com\/wp-content\/uploads\/2021\/12\/DSC_0052-1024x1024.jpg 1024w, https:\/\/www.fabienramadier.com\/wp-content\/uploads\/2021\/12\/DSC_0052-150x150.jpg 150w, https:\/\/www.fabienramadier.com\/wp-content\/uploads\/2021\/12\/DSC_0052-300x300.jpg 300w, https:\/\/www.fabienramadier.com\/wp-content\/uploads\/2021\/12\/DSC_0052-768x768.jpg 768w, https:\/\/www.fabienramadier.com\/wp-content\/uploads\/2021\/12\/DSC_0052-100x100.jpg 100w\" sizes=\"auto, (max-width: 1024px) 100vw, 1024px\" \/><\/figure><div class=\"wp-block-media-text__content\">\n<p class=\"has-text-align-right\" style=\"font-size:25px\">A\u00eftana Eldin<\/p>\n\n\n\n<p class=\"has-text-align-right\"><em>Architecte HMONP<\/em> &#8211; Associ\u00e9e TERRAM architectes<\/p>\n\n\n\n<p class=\"has-text-align-right\">Dipl\u00f4m\u00e9e de l\u2019\u00e9cole d\u2019architecture de Grenoble en 2021, elle a int\u00e9gr\u00e9 l\u2019agence de Fabien Ramadier cette m\u00eame ann\u00e9e pour r\u00e9aliser sa formation HMONP. Depuis l&rsquo;obtention de sa formation, elle travaille a plein temps \u00e0 l&rsquo;agence.<\/p>\n<\/div><\/div>\n\n\n\n<p><\/p>\n","protected":false},"excerpt":{"rendered":"<p><span class=\"excerpt-fade\"><\/span><\/p>\n","protected":false},"author":1,"featured_media":0,"parent":0,"menu_order":0,"comment_status":"closed","ping_status":"closed","template":"","meta":{"ngg_post_thumbnail":0,"footnotes":""},"class_list":["post-712","page","type-page","status-publish","hentry"],"yoast_head":"<!-- This site is optimized with the Yoast SEO plugin v26.1.1 - https:\/\/yoast.com\/wordpress\/plugins\/seo\/ -->\n<title>L&#039;agence - TERRAM architectes<\/title>\n<meta name=\"description\" content=\"Agence d&#039;architecture Dr\u00f4me - Terram architectesTerram architectes, agence d&#039;architecture sp\u00e9cialis\u00e9e dans la r\u00e9novation, construction de maison, de bureaux, de logements, de lieux public\" \/>\n<meta name=\"robots\" content=\"index, follow, max-snippet:-1, max-image-preview:large, max-video-preview:-1\" \/>\n<link rel=\"canonical\" href=\"http:\/\/www.fabienramadier.com\/?page_id=712\" \/>\n<meta property=\"og:locale\" content=\"fr_FR\" \/>\n<meta property=\"og:type\" content=\"article\" \/>\n<meta property=\"og:title\" content=\"L&#039;agence - TERRAM architectes\" \/>\n<meta property=\"og:description\" content=\"Agence d&#039;architecture Dr\u00f4me - Terram architectesTerram architectes, agence d&#039;architecture sp\u00e9cialis\u00e9e dans la r\u00e9novation, construction de maison, de bureaux, de logements, de lieux public\" \/>\n<meta property=\"og:url\" content=\"http:\/\/www.fabienramadier.com\/?page_id=712\" \/>\n<meta property=\"og:site_name\" content=\"TERRAM architectes\" \/>\n<meta property=\"article:modified_time\" content=\"2024-02-12T15:36:03+00:00\" \/>\n<meta property=\"og:image\" content=\"http:\/\/www.fabienramadier.com\/wp-content\/uploads\/2021\/12\/axono-agence-1024x463.jpg\" \/>\n<meta name=\"twitter:card\" content=\"summary_large_image\" \/>\n<meta name=\"twitter:label1\" content=\"Dur\u00e9e de lecture estim\u00e9e\" \/>\n\t<meta name=\"twitter:data1\" content=\"2 minutes\" \/>\n<script type=\"application\/ld+json\" class=\"yoast-schema-graph\">{\"@context\":\"https:\/\/schema.org\",\"@graph\":[{\"@type\":\"WebPage\",\"@id\":\"http:\/\/www.fabienramadier.com\/?page_id=712\",\"url\":\"http:\/\/www.fabienramadier.com\/?page_id=712\",\"name\":\"L'agence - TERRAM architectes\",\"isPartOf\":{\"@id\":\"https:\/\/www.fabienramadier.com\/#website\"},\"primaryImageOfPage\":{\"@id\":\"http:\/\/www.fabienramadier.com\/?page_id=712#primaryimage\"},\"image\":{\"@id\":\"http:\/\/www.fabienramadier.com\/?page_id=712#primaryimage\"},\"thumbnailUrl\":\"http:\/\/www.fabienramadier.com\/wp-content\/uploads\/2021\/12\/axono-agence-1024x463.jpg\",\"datePublished\":\"2021-12-14T15:37:44+00:00\",\"dateModified\":\"2024-02-12T15:36:03+00:00\",\"description\":\"Agence d'architecture Dr\u00f4me - Terram architectesTerram architectes, agence d'architecture sp\u00e9cialis\u00e9e dans la r\u00e9novation, construction de maison, de bureaux, de logements, de lieux public\",\"breadcrumb\":{\"@id\":\"http:\/\/www.fabienramadier.com\/?page_id=712#breadcrumb\"},\"inLanguage\":\"fr-FR\",\"potentialAction\":[{\"@type\":\"ReadAction\",\"target\":[\"http:\/\/www.fabienramadier.com\/?page_id=712\"]}]},{\"@type\":\"ImageObject\",\"inLanguage\":\"fr-FR\",\"@id\":\"http:\/\/www.fabienramadier.com\/?page_id=712#primaryimage\",\"url\":\"https:\/\/www.fabienramadier.com\/wp-content\/uploads\/2021\/12\/axono-agence.jpg\",\"contentUrl\":\"https:\/\/www.fabienramadier.com\/wp-content\/uploads\/2021\/12\/axono-agence.jpg\",\"width\":2309,\"height\":1045},{\"@type\":\"BreadcrumbList\",\"@id\":\"http:\/\/www.fabienramadier.com\/?page_id=712#breadcrumb\",\"itemListElement\":[{\"@type\":\"ListItem\",\"position\":1,\"name\":\"Accueil\",\"item\":\"https:\/\/www.fabienramadier.com\/\"},{\"@type\":\"ListItem\",\"position\":2,\"name\":\"L&rsquo;agence\"}]},{\"@type\":\"WebSite\",\"@id\":\"https:\/\/www.fabienramadier.com\/#website\",\"url\":\"https:\/\/www.fabienramadier.com\/\",\"name\":\"TERRAM architectes\",\"description\":\"\",\"publisher\":{\"@id\":\"https:\/\/www.fabienramadier.com\/#organization\"},\"potentialAction\":[{\"@type\":\"SearchAction\",\"target\":{\"@type\":\"EntryPoint\",\"urlTemplate\":\"https:\/\/www.fabienramadier.com\/?s={search_term_string}\"},\"query-input\":{\"@type\":\"PropertyValueSpecification\",\"valueRequired\":true,\"valueName\":\"search_term_string\"}}],\"inLanguage\":\"fr-FR\"},{\"@type\":\"Organization\",\"@id\":\"https:\/\/www.fabienramadier.com\/#organization\",\"name\":\"TERRAM architectes\",\"url\":\"https:\/\/www.fabienramadier.com\/\",\"logo\":{\"@type\":\"ImageObject\",\"inLanguage\":\"fr-FR\",\"@id\":\"https:\/\/www.fabienramadier.com\/#\/schema\/logo\/image\/\",\"url\":\"https:\/\/www.fabienramadier.com\/wp-content\/uploads\/2023\/07\/cropped-Logo-TERRAM-Archi-horizontal-petit-HD.png\",\"contentUrl\":\"https:\/\/www.fabienramadier.com\/wp-content\/uploads\/2023\/07\/cropped-Logo-TERRAM-Archi-horizontal-petit-HD.png\",\"width\":1929,\"height\":438,\"caption\":\"TERRAM architectes\"},\"image\":{\"@id\":\"https:\/\/www.fabienramadier.com\/#\/schema\/logo\/image\/\"},\"sameAs\":[\"https:\/\/www.instagram.com\/terram_architectes\/\"]}]}<\/script>\n<!-- \/ Yoast SEO plugin. -->","yoast_head_json":{"title":"L'agence - TERRAM architectes","description":"Agence d'architecture Dr\u00f4me - Terram architectesTerram architectes, agence d'architecture sp\u00e9cialis\u00e9e dans la r\u00e9novation, construction de maison, de bureaux, de logements, de lieux public","robots":{"index":"index","follow":"follow","max-snippet":"max-snippet:-1","max-image-preview":"max-image-preview:large","max-video-preview":"max-video-preview:-1"},"canonical":"http:\/\/www.fabienramadier.com\/?page_id=712","og_locale":"fr_FR","og_type":"article","og_title":"L'agence - TERRAM architectes","og_description":"Agence d'architecture Dr\u00f4me - Terram architectesTerram architectes, agence d'architecture sp\u00e9cialis\u00e9e dans la r\u00e9novation, construction de maison, de bureaux, de logements, de lieux public","og_url":"http:\/\/www.fabienramadier.com\/?page_id=712","og_site_name":"TERRAM architectes","article_modified_time":"2024-02-12T15:36:03+00:00","og_image":[{"url":"http:\/\/www.fabienramadier.com\/wp-content\/uploads\/2021\/12\/axono-agence-1024x463.jpg","type":"","width":"","height":""}],"twitter_card":"summary_large_image","twitter_misc":{"Dur\u00e9e de lecture estim\u00e9e":"2 minutes"},"schema":{"@context":"https:\/\/schema.org","@graph":[{"@type":"WebPage","@id":"http:\/\/www.fabienramadier.com\/?page_id=712","url":"http:\/\/www.fabienramadier.com\/?page_id=712","name":"L'agence - TERRAM architectes","isPartOf":{"@id":"https:\/\/www.fabienramadier.com\/#website"},"primaryImageOfPage":{"@id":"http:\/\/www.fabienramadier.com\/?page_id=712#primaryimage"},"image":{"@id":"http:\/\/www.fabienramadier.com\/?page_id=712#primaryimage"},"thumbnailUrl":"http:\/\/www.fabienramadier.com\/wp-content\/uploads\/2021\/12\/axono-agence-1024x463.jpg","datePublished":"2021-12-14T15:37:44+00:00","dateModified":"2024-02-12T15:36:03+00:00","description":"Agence d'architecture Dr\u00f4me - Terram architectesTerram architectes, agence d'architecture sp\u00e9cialis\u00e9e dans la r\u00e9novation, construction de maison, de bureaux, de logements, de lieux public","breadcrumb":{"@id":"http:\/\/www.fabienramadier.com\/?page_id=712#breadcrumb"},"inLanguage":"fr-FR","potentialAction":[{"@type":"ReadAction","target":["http:\/\/www.fabienramadier.com\/?page_id=712"]}]},{"@type":"ImageObject","inLanguage":"fr-FR","@id":"http:\/\/www.fabienramadier.com\/?page_id=712#primaryimage","url":"https:\/\/www.fabienramadier.com\/wp-content\/uploads\/2021\/12\/axono-agence.jpg","contentUrl":"https:\/\/www.fabienramadier.com\/wp-content\/uploads\/2021\/12\/axono-agence.jpg","width":2309,"height":1045},{"@type":"BreadcrumbList","@id":"http:\/\/www.fabienramadier.com\/?page_id=712#breadcrumb","itemListElement":[{"@type":"ListItem","position":1,"name":"Accueil","item":"https:\/\/www.fabienramadier.com\/"},{"@type":"ListItem","position":2,"name":"L&rsquo;agence"}]},{"@type":"WebSite","@id":"https:\/\/www.fabienramadier.com\/#website","url":"https:\/\/www.fabienramadier.com\/","name":"TERRAM architectes","description":"","publisher":{"@id":"https:\/\/www.fabienramadier.com\/#organization"},"potentialAction":[{"@type":"SearchAction","target":{"@type":"EntryPoint","urlTemplate":"https:\/\/www.fabienramadier.com\/?s={search_term_string}"},"query-input":{"@type":"PropertyValueSpecification","valueRequired":true,"valueName":"search_term_string"}}],"inLanguage":"fr-FR"},{"@type":"Organization","@id":"https:\/\/www.fabienramadier.com\/#organization","name":"TERRAM architectes","url":"https:\/\/www.fabienramadier.com\/","logo":{"@type":"ImageObject","inLanguage":"fr-FR","@id":"https:\/\/www.fabienramadier.com\/#\/schema\/logo\/image\/","url":"https:\/\/www.fabienramadier.com\/wp-content\/uploads\/2023\/07\/cropped-Logo-TERRAM-Archi-horizontal-petit-HD.png","contentUrl":"https:\/\/www.fabienramadier.com\/wp-content\/uploads\/2023\/07\/cropped-Logo-TERRAM-Archi-horizontal-petit-HD.png","width":1929,"height":438,"caption":"TERRAM architectes"},"image":{"@id":"https:\/\/www.fabienramadier.com\/#\/schema\/logo\/image\/"},"sameAs":["https:\/\/www.instagram.com\/terram_architectes\/"]}]}},"_links":{"self":[{"href":"https:\/\/www.fabienramadier.com\/index.php?rest_route=\/wp\/v2\/pages\/712","targetHints":{"allow":["GET"]}}],"collection":[{"href":"https:\/\/www.fabienramadier.com\/index.php?rest_route=\/wp\/v2\/pages"}],"about":[{"href":"https:\/\/www.fabienramadier.com\/index.php?rest_route=\/wp\/v2\/types\/page"}],"author":[{"embeddable":true,"href":"https:\/\/www.fabienramadier.com\/index.php?rest_route=\/wp\/v2\/users\/1"}],"replies":[{"embeddable":true,"href":"https:\/\/www.fabienramadier.com\/index.php?rest_route=%2Fwp%2Fv2%2Fcomments&post=712"}],"version-history":[{"count":28,"href":"https:\/\/www.fabienramadier.com\/index.php?rest_route=\/wp\/v2\/pages\/712\/revisions"}],"predecessor-version":[{"id":2010,"href":"https:\/\/www.fabienramadier.com\/index.php?rest_route=\/wp\/v2\/pages\/712\/revisions\/2010"}],"wp:attachment":[{"href":"https:\/\/www.fabienramadier.com\/index.php?rest_route=%2Fwp%2Fv2%2Fmedia&parent=712"}],"curies":[{"name":"wp","href":"https:\/\/api.w.org\/{rel}","templated":true}]}}